 4. Let m(t) = -t - 8. Let f be m(-28). Suppose -126*x = -121*x + f. Calculate r(x).
12
Let y(v) = 3 - 8 + v**2 - v + 0. Let w be (-9)/4 + (-150)/(-24) + -6. Let q be (0/(-18))/((w/(-1))/(-2)). Give y(q).
-5
Suppose g + 4*x = 22, 2*x - 22 = -3*g + x. Let m = -2 + 5. Let k(d) = d**2 - m*d - 2 + 2*d + 2*d + g. What is k(0)?
4
Let j be (4 - 9) + (0 - -2). Let x(l) be the first derivative of 3*l - 2 - 2/3*l**3 + 0*l**2. Determine x(j).
-15
Let q = -50994 + 50999. Let j(u) = -11*u**3 - u**2 + 8*u + 2. Let l(m) = -5*m**3 + 4*m + 1. Let y(o) = -4*j(o) + 9*l(o). What is y(q)?
-4
Let g(b) = 2*b**2 + 4*b - 3. Let r be g(-5). Let s = -26 + r. Let w(y) = 3*y**3 + y**2 - 1. What is w(s)?
3
Let q(z) = 794*z - 15. Let p be q(0). Let i(b) = 27*b + 407. Calculate i(p).
2
Let p(g) = g**3 + 6*g**2 - 17*g - 117. Let u be p(-5). Let r(h) = 18*h + 69. Let n(j) = -8*j - 35. Let i(x) = 5*n(x) + 2*r(x). Calculate i(u).
-9
Let h(w) be the second derivative of w**4/4 + 49*w**3/6 + 6*w**2 + 978*w. Give h(-16).
-4
Suppose -4*m = -3*q - 35, 0*m - m + 5 = 0. Let c(b) be the second derivative of b**4/12 + 4*b**3/3 + 2*b**2 + 2*b + 293. Give c(q).
-11
Let d(o) = 7*o**2 + 2*o + 5. Let u(q) = -6*q**2 - 2*q - 4. Let r(f) = 4*d(f) + 5*u(f). Let c be ((-4)/1)/((-8)/(-6)). Calculate r(c).
-12
Suppose -4*t = -2*s - 20, 2*s = 6*s + 5*t - 25. Suppose s = 20*m - 13*m. Let x(j) = -j**3 + j + 1. Determine x(m).
1
Let x(s) = -s**3 + 4*s**2 - 3*s - 2. Suppose -255 = -97*a + 133. Calculate x(a).
-14
Let u(v) be the first derivative of v**4/4 + 2*v**3 + v**2/2 + 2*v + 8. Let f = 68 + -52. Suppose 11*k - f*k = 30. What is u(k)?
-4
Let r(t) = 20*t + 3. Let m(q) = 116*q - 38. Let d(l) = m(l) - 6*r(l). Give d(-17).
12
Let g(n) be the first derivative of -1/4*n**4 + 46 - 5/3*n**3 - 6*n + 2*n**2. What is g(-6)?
6
Let y(v) = 3*v**2 + 318*v + 278. Let k be y(-105). Let m(s) = 5*s + 179. Determine m(k).
-6
Let w = -599 - -599. Suppose 0 = 5*r - 5*p + 55, -3*r + 9*p - 5*p - 37 = w. Let a(m) = 3*m + 30. Determine a(r).
9
Let x(z) = 2*z**2 + 9*z - 15. Let a be (1 - 134/22) + 88/968. What is x(a)?
-10
Let x(u) = -u - 2. Let p = 910 + -942. Let f = -35 - -1. Let q = p - f. Give x(q).
-4
Suppose 300*t - 299*t - d - 4 = 0, -15 = -3*t + 4*d. Let a(k) = 139*k - 147. Calculate a(t).
-8
Let i(l) = -l**3 - 12*l**2 + 6*l + 14. Let r(z) = -z**3 - 11*z**2 + 5*z + 13. Let t(h) = -2*i(h) + 3*r(h). Let p = 51 + -60. Determine t(p).
-16
Suppose 22*z - u = 17*z - 8, 0 = 2*z - 2*u. Let t(n) be the second derivative of 0*n**2 - 1/12*n**4 - 3*n + 0*n**3 - 1/10*n**5 + 0. Calculate t(z).
12
Suppose 3*g = 4*w + 19, g - 170 + 166 = w. Let y(v) = -3*v**2 + 9 + 2*v**2 + 15*v + 10*v**2 + v**3. Let f be y(w). Let d(t) = t**2 + t + 2. Determine d(f).
8
Let q(m) = 7*m - 1. Let d(o) = -o**2 - 27*o - 54. Let x(w) = d(w) + 6*q(w). Give x(10).
-10
Let b(q) = -q**2 - 48*q + 153. Let w be b(-51). Let n = -6 - -4. Let s be 2/n - (-4 + (3 - w)). Let y(g) = -g**2 - g + 2. What is y(s)?
2
Suppose 5*w - 4*m + 7*m = 41, 0 = -2*w - m + 16. Let j be ((-12)/w)/((-10)/(-70)) + -1. Let q(o) = -o**3 - 12*o**2 + 14*o + 14. Determine q(j).
1
Let y(p) = -6*p - 6*p - 5*p**2 + 9*p. Let v be (-98)/(-28) + (-14)/4. Suppose -69*d + 73*d + 8 = v. Give y(d).
-14
Let s(i) = -i**2 + 5*i - 1. Let x be (-7)/(-21)*(-36)/(-3). Let n be s(x). Let k(b) = -5 + 13*b**2 + b + b**n + 0*b**2 - 5*b**2 - 4*b**2. Give k(-4).
-9
Suppose 0*n = 2*n. Let v(o) = 4 + 0*o + 7 - 4*o + 3 + 2*o**3 - 4*o**2. Let g(u) = u**3 - 3*u**2 - 3*u + 15. Let f(i) = 3*g(i) - 2*v(i). Calculate f(n).
17
Let n(f) be the second derivative of f**3/6 - 4*f**2 - f - 15. Let q be n(8). Let z(y) = y**2 - 3*y + 0 + 2 - 4 + q*y. Calculate z(-3).
16
Let k(x) = 3*x**2 + 4*x + 1. Let j be (10/4)/(360/576). What is k(j)?
65
Let x = 11055 - 11051. Let f(y) = 32*y - 120. Calculate f(x).
8
Let y(w) be the second derivative of -3*w**5/10 + w**4/6 - w**2/2 - 54*w. Let f = -16 + 18. Let u be ((-11)/11)/(f - 1). Give y(u).
7
Suppose -37*z + 33*z - 4 = -4*f, -4*f + 9 = z. Let w be (23 + -16)/(1*(z + -2)). Let n(v) be the second derivative of v**3/6 + 5*v**2 + v. Calculate n(w).
3
Let v(l) = 0*l**2 + 2547 - l**2 - 843 - 848 + 2*l - 851. Let x be ((-2)/4)/((-2)/(-16)). What is v(x)?
-19
Suppose 435*f + 400 = 485*f. Let h(r) = 19*r - 17. Give h(f).
135
Let r(a) be the third derivative of -a**7/5040 + a**6/80 - a**5/12 + 3*a**2. Let q(h) be the third derivative of r(h). Let n = -276 - -284. What is q(n)?
1
Suppose -2*t = -4*z - 76 + 94, 0 = -5*z + 5*t + 10. Let g(d) = -2*d**3 + 14*d**2 + 1. Calculate g(z).
1
Let d(g) = -5928*g**2 + 2964*g**2 + 2965*g**2 + 6*g - 6. Calculate d(4).
34
Let r be 9*(-1 - 8/(-6)). Suppose 0 = 7*z - r*z - 5*p - 25, 3 = -3*p. Let g(w) be the first derivative of -w**2/2 + 2*w - 160. Determine g(z).
-3
Let b(c) = -2*c**2 + 2*c + 2. Let s = 3155 - 3153. Determine b(s).
-2
Let j(b) = -b**3 + 41*b**2 - 117*b + 1520. Let a be j(39). Let x(l) = -7*l**2 + l + 3. What is x(a)?
-5
Let r be (-1655)/(-45) - 8/(-36). Suppose -r*q + 44*q = 21. Let f(d) = 2*d - 6. Determine f(q).
0
Let j(b) be the third derivative of b**5/30 - 5*b**4/12 - 2*b**3 + 3*b**2 - 14*b. Determine j(-1).
0
Suppose 4*h - 12 = 5*s, 5*h + 2*s = 6*h - 3. Let x(t) = -54*t + 168. Determine x(h).
6
Suppose -532*f + 672*f = 0. Let a(t) be the third derivative of -5/6*t**3 + 1/60*t**5 - 48*t**2 + 1/3*t**4 + f + 0*t. Determine a(-5).
-20
Let c(m) be the third derivative of -m**4/4 - 3*m**3/2 + m**2 - 34*m + 1. Give c(-3).
9
Let s = -170 - -206. Suppose 0 = g - 3*b + 7, -7*g + s = -3*g + 4*b. Let d(m) = -2*m + 8. What is d(g)?
-2
Let r(w) = w**3 - 3*w**2 - 1. Suppose -21 = -3*b + 6. Suppose -4*z + 9 = 5*c - b, z + 2*c = 6. Calculate r(z).
-5
Let s(c) be the second derivative of -c**8/1120 - c**7/2520 - c**6/720 + c**4/6 + c**3/2 - 48*c. Let w(t) be the third derivative of s(t). Calculate w(-1).
6
Let m(v) = 2*v**2 + 23*v - 127. Let k be m(4). Let d(p) = -p - 16. What is d(k)?
-13
Let t = 155 - 155. Let a(m) = m**2 + t - 296*m + 292*m - 2. Determine a(5).
3
Let w(u) = 3*u**2 + 6. Let l(q) = -11*q**2 - 3*q - 18. Let p(f) = -2*l(f) - 7*w(f). Let a(z) = -2*z**2 - 7*z + 7. Let k be a(-5). Determine p(k).
10
Let u = -29231 + 175387/6. Let v(l) be the third derivative of 0*l - 19/24*l**4 + 0 - 35*l**2 - u*l**3. Calculate v(1).
-20
Let z(l) = 5*l**2 + 7*l**2 - 36*l**2 - 1 + 18*l**2 + 2*l**2 - 28*l. Determine z(-7).
-1
Let m = -2 - 2. Let h(z) = -24*z + 17. Let q(o) = 7*o - 5. Let t(v) = 12*h(v) + 41*q(v). Give t(m).
3
Suppose 10*o - 21 - 9 = 0. Let q be 1 + -3 + 0 + -1 + o. Let i(t) = 2*t + t**2 + q*t - t + 1 + 3*t. Determine i(-3).
-2
Let m(b) = b**3 + 3*b**2 + 1683 + 2*b**2 + 4*b**2 - 11*b - 843 - 846. Let o = -18 + 8. What is m(o)?
4
Let a = 613 + -616. Let j(i) = -2*i + 2. Let r(g) = -3*g - 3. Let l(v) = a*r(v) + 3*j(v). Give l(-6).
-3
Let j(a) = 189183 + 404*a - 189251 - 398*a. Calculate j(0).
-68
Let q(d) = -3*d**3 + 0 - 36 + 15 + 4 - d. Let x(j) = 7*j**3 + 2*j + 35. Let l be ((-9)/4)/((-2)/16*2). Let m(b) = l*q(b) + 4*x(b). What is m(0)?
-13
Let f = -9 + 11. Let x(h) = 2*h**f - 20*h**2 + 4*h**2 + 1 + 5*h**2. Give x(2).
-35
Let o(s) = s. Let x(v) = -v**3 + 18*v**2 + v - 3. Let b be x(18). Let g = -23 + b. What is o(g)?
-8
Let g(z) = -2*z**2 + 8*z + 2. Let i(f) = -f**2 + 1. Let m(r) = r**2 - 14*r - 48. Let j be m(-3). Let b(t) = j*i(t) - g(t). Give b(-7).
8
Suppose 5*i - 3*t = 16, 3*i + 2*t - 14 = 6*t. Let c be (-282)/(-90) - (8/(-42))/((-40)/28). Let l(h) = 0*h**c - 2*h - 7*h + 5*h - 3 - h**3 + 5*h**i. Give l(4).
-3
Suppose 5*f - 2*r = f + 208, -5*f = -2*r - 258. Let k be 42/20 - 5/f. Let h(j) = 3*j - 1. Determine h(k).
5
Let o(r) be the first derivative of -3*r**2/2 + 2*r - 170. Let c be 3 + 8*(-3)/3. Let m be 1/2 - c/2. Determine o(m).
-7
Let l(c) = -2*c + 15. Let m be (51 - (2 - 8))*1/3. Let z(s) = 9 + m + 3*s - 5 - 6*s. Let j(i) = -8*l(i) + 5*z(i). What is j(5)?
0
Let c(i) be the second derivative of 11*i**3/6 - 15*i**2/2 - 12*i - 81. What is c(1)?
-4
Let c be 4 - (-9 - (2 + (-248)/8)). Let o(l) = l**2 + 23*l + 123. What is o(c)?
11
Let t(m) = 9 + m**3 + 7 - 30 + 0*m**3. Let x(d) = -6*d**3 + 69. Let c(y) = 11*t(y) + 2*x(y). Calculate c(0).
-16
Let b(d) be the first derivative of -d**7/840 - d**6/90 - d**5/60 + d**4/8 + 14*d**3 + d**2/2 + 136.